{"id":45,"date":"2017-11-08T12:46:29","date_gmt":"2017-11-08T12:46:29","guid":{"rendered":"http:\/\/clld-debrecen.hu\/teszt\/?page_id=45"},"modified":"2023-03-09T18:48:37","modified_gmt":"2023-03-09T18:48:37","slug":"hirek-es-kozlemenyek","status":"publish","type":"page","link":"https:\/\/ifihazdebrecen.hu\/?page_id=45","title":{"rendered":"H\u00edreink"},"content":{"rendered":"<div id=\"shortcode_output\"><div id=\"ajax-load-more\" class=\"ajax-load-more-wrap default\"  data-alm-id=\"\" data-canonical-url=\"https:\/\/ifihazdebrecen.hu\/?page_id=45\" data-slug=\"hirek-es-kozlemenyek\" data-post-id=\"45\"  data-localized=\"ajax_load_more_vars\" data-alm-object=\"ajax_load_more\"><div aria-live=\"polite\" aria-atomic=\"true\" class=\"alm-listing alm-ajax alm-has-transition\" data-container-type=\"div\" data-loading-style=\"default\" data-repeater=\"default\" data-post-type=\"post\" data-order=\"DESC\" data-orderby=\"date\" data-offset=\"0\" data-posts-per-page=\"15\" data-scroll-distance=\"100\" data-button-label=\"Tov\u00e1bbi h\u00edrek \u00e9s k\u00f6zlem\u00e9nyek\" data-button-loading-label=\"T\u00f6lt\u00fcnk\"><\/div><div class=\"alm-btn-wrap\"><button class=\"alm-load-more-btn more \" type=\"button\">Tov\u00e1bbi h\u00edrek \u00e9s k\u00f6zlem\u00e9nyek<\/button><\/div><\/div><\/div>\n","protected":false},"excerpt":{"rendered":"","protected":false},"author":1,"featured_media":0,"parent":0,"menu_order":0,"comment_status":"closed","ping_status":"closed","template":"","meta":[],"rttpg_featured_image_url":null,"rttpg_author":{"display_name":"GergelyZsolt","author_link":"https:\/\/ifihazdebrecen.hu\/?author=1"},"rttpg_comment":0,"rttpg_category":null,"rttpg_excerpt":null,"_links":{"self":[{"href":"https:\/\/ifihazdebrecen.hu\/index.php?rest_route=\/wp\/v2\/pages\/45"}],"collection":[{"href":"https:\/\/ifihazdebrecen.hu\/index.php?rest_route=\/wp\/v2\/pages"}],"about":[{"href":"https:\/\/ifihazdebrecen.hu\/index.php?rest_route=\/wp\/v2\/types\/page"}],"author":[{"embeddable":true,"href":"https:\/\/ifihazdebrecen.hu\/index.php?rest_route=\/wp\/v2\/users\/1"}],"replies":[{"embeddable":true,"href":"https:\/\/ifihazdebrecen.hu\/index.php?rest_route=%2Fwp%2Fv2%2Fcomments&post=45"}],"version-history":[{"count":3,"href":"https:\/\/ifihazdebrecen.hu\/index.php?rest_route=\/wp\/v2\/pages\/45\/revisions"}],"predecessor-version":[{"id":1259,"href":"https:\/\/ifihazdebrecen.hu\/index.php?rest_route=\/wp\/v2\/pages\/45\/revisions\/1259"}],"wp:attachment":[{"href":"https:\/\/ifihazdebrecen.hu\/index.php?rest_route=%2Fwp%2Fv2%2Fmedia&parent=45"}],"curies":[{"name":"wp","href":"https:\/\/api.w.org\/{rel}","templated":true}]}}